t d be (t/(-4))/(1/(-12)). Give n(d).
3
Let t(y) = y**2 - 3*y - 4. Let h(p) = -2*p - 15. Let c be h(0). Let u be 411/45 + 2/c. Let f = u + -5. Give t(f).
0
Suppose 4*w + 21 + 3 = 0. Let y(s) = -5*s - 4. Let d(a) be the second derivative of 2*a**3/3 + 3*a**2/2 + 16*a. Let c(k) = w*y(k) - 7*d(k). Calculate c(-6).
-9
Let q(i) = 585*i**3 - 6 + 2 - 586*i**3 - i**2. Give q(0).
-4
Let s(t) = t**2 - 32*t + 97. Let d be s(3). Let b(k) = k**2 - 8*k - 22. What is b(d)?
-2
Let t(k) = -1712*k + k**3 + 1711*k - 3*k**3. Suppose 7*q = -3*f + 2*q + 18, -3*f = -q. What is t(f)?
-3
Let k be -4*(-5)/30*3. Let t(b) = 6*b**2 - b**k + 4*b**2 + 3*b**2. Determine t(-1).
12
Suppose 0 = -3*a - 4*x - 7, -43 = 5*a - x - 16. Let h(f) = 9*f - 9. Let d(g) = 14*g - 14. Let s(m) = a*d(m) + 8*h(m). Calculate s(-4).
-10
Suppose -3*l + 29 = -10. Suppose -4*r = 3*b, -b = -3*r - 0*r + l. Let n be ((-2)/3)/((-2)/r). Let t(z) = -9*z**2 - 1. Determine t(n).
-10
Suppose 4*t + 43 + 3 = 3*y, -y - 28 = 3*t. Let f(u) = u + 6. Determine f(t).
-4
Let z(u) = 1 + 9 + 3 - 8*u - 14. Let l = -5 - -4. Give z(l).
7
Let a be (-42 - -25) + (9/3 - -2). Let o(j) = -j**2 - 14*j - 18. What is o(a)?
6
Let w(v) = 133 - 8*v + 144 - 207. Determine w(8).
6
Let k(j) = 2*j**2 + 8*j + 2. Let x be 468/(-104)*2/3. Calculate k(x).
-4
Suppose -3*u + 4*u - 8*u = 0. Let i(a) = -a**2 - a + 4. Give i(u).
4
Let r(h) = -2*h**3 + 3*h**2 - 2*h + 2. Let n = -234 + 237. Give r(n).
-31
Suppose -13*g = -6*g - 7. Let z(t) = -g + 5*t - 1 - 8*t + 4*t. Give z(2).
0
Let z = 2609 - 2607. Let t(v) be the second derivative of v**5/20 - v**4/4 + v**3/6 - v**2/2 + 2*v. Determine t(z).
-3
Suppose -2*y = 3*z - 8*z - 67, 71 = 2*y - z. Let b = y - 36. Let p(w) = 2*w**3 - 8*w + b*w**2 + 3*w**2 - 9*w**2 - w**3 - 1. Calculate p(7).
-8
Let w be 4/(-30) - 235/(-75). Suppose w*y - 10 = 26. Let o = y - 7. Let z(t) = 2*t - 6. What is z(o)?
4
Let l be ((-2)/(-6))/(6/36). Let u(s) = 6*s**2 + 9*s - 2. Let z(o) = 3*o**2 + 5*o - 1. Let f(t) = -3*u(t) + 5*z(t). Give f(l).
-15
Suppose -23*h = -21*h + 5*w + 2, 0 = -2*w. Let a(y) be the third derivative of 0 + 1/6*y**3 + 1/30*y**6 + 1/24*y**4 + y**2 + 1/60*y**5 + 0*y. Give a(h).
-3
Let d(f) = f - 6. Suppose 4 = -4*j, -6*g + 3*j = -g - 38. Determine d(g).
1
Let x(v) = -7*v - v**3 - 4*v + 11*v - 7 - 6*v**2. Give x(-6).
-7
Suppose 2*n + 23 = -0*d - 3*d, 40 = -5*n - 4*d. Let h be 23 + -6 - -3 - 0. Let q be (h - 12) + n/1. Let y(g) = 3*g + 2. Calculate y(q).
14
Let t(d) = -2*d + 8. Let n(g) = g + 2. Let o(f) = 2*n(f) - t(f). Give o(3).
8
Let w(q) be the second derivative of -q**3/3 + 5*q**2/2 - q. Suppose -3*z - a = 28, 2*z = 4*z + 5*a + 23. Let s be (-39)/z + (-5)/15. What is w(s)?
-3
Let i(c) be the third derivative of -c**7/1680 - c**6/360 - c**5/60 + c**2. Let q(o) be the third derivative of i(o). Suppose 0 = -2*m - 0*m - 6. Give q(m).
7
Suppose -42 = -4*q + 2. Let m = -15 + q. Let d(y) be the third derivative of -y**5/60 - 5*y**4/24 + y**3/3 - y**2 - 10. Give d(m).
6
Let d(z) = -5*z**3 + 14*z**2 + 17*z + 48. Let q(p) = -4*p**3 + 14*p**2 + 16*p + 45. Let t(v) = -3*d(v) + 4*q(v). Calculate t(15).
6
Let o be 132/22 + 0 + -4. Let a be (1 - 0)*(-2 + o). Let w(k) = k**3 - k - 1. What is w(a)?
-1
Let f(r) = r**3 + 11*r**2 + r + 16. Let s(g) = -g**2 - 18*g + 3. Let n be s(-14). Let d = 48 - n. Give f(d).
5
Suppose 5*o = -0*o + 95. Suppose 11 = 5*d - 59. Let h = o - d. Let c(x) = -x**3 + 6*x**2 - 6*x - 1. Give c(h).
-6
Suppose 4 - 34 = 5*n. Let x(i) = -85 + 4*i - i + 177 - 86. What is x(n)?
-12
Let w be (-84)/(-70)*10/4. Let d(c) = -4*c + w - 4 + 5 - c**2 - 6. Calculate d(-5).
-7
Let h be 22/(-5) - 38/(-95). Let t be (-2)/h + (-175)/10. Let z be 1 + -1 + (-21 - t). Let c(r) = r**3 + 5*r**2 + 3*r - 5. What is c(z)?
-1
Suppose 4*i = 3*a + 2*a + 32, 2*i - 16 = 4*a. Let z(s) = 4 + i - 13 + 2*s - 3*s. Determine z(0).
-1
Let v be (3/81*9)/(1/48). Let h(z) = -z + 3*z + 1 - v*z - 10*z. What is h(1)?
-23
Let g = 82 - 77. Let a(r) = -r - r + 1 - 7*r**3 + g - 5. Give a(1).
-8
Let u be (-24)/60*(-5 - 0). Let k(w) = 3*w**3 + 43 - u*w**2 - 42 - 2*w**3. Calculate k(1).
0
Let m = 1479 - 1472. Let c(x) be the third derivative of -1/24*x**4 + 0*x**3 + 2*x**2 + 0 + 0*x. What is c(m)?
-7
Let q(h) = -h - 5. Let s be 2 + -15 - 2/(-2). What is q(s)?
7
Let i(t) be the first derivative of t**6/360 - 7*t**4/24 + 8*t**3 + 18. Let o(k) be the third derivative of i(k). What is o(0)?
-7
Let r = -12 - -2. Let t(h) be the second derivative of -h**3/3 - 13*h**2/2 - 13*h - 17. What is t(r)?
7
Let t(s) = 4*s - 8. Let o(v) = 2*v - 36. Let r be o(21). Calculate t(r).
16
Let o = -92 - -104. Let s(u) = -u**3 + 12*u**2 + u - 11. Calculate s(o).
1
Let z(s) = -s**3 + 5*s**2 - 3*s + 3. Suppose -4*o - 4*c + 20 = 0, -66*c - 1 = -o - 65*c. Give z(o).
12
Let s(t) = -9 - 5*t + 3*t + 3*t + 3*t. Suppose 6*x - 23*x + 102 = 0. Calculate s(x).
15
Let m(k) = 0*k**3 + 7 - 7*k**3 - 2*k - k**3 + 9*k**3 + k. What is m(0)?
7
Let j(d) = -d**3 - 5*d**2 + d + 2. Let x = -33 + 23. Let f(r) = r**3 + 11*r**2 + 8*r - 10. Let h be f(x). Let c be (0 - 1/2)*h. What is j(c)?
-3
Let o(p) = -4*p**3 + 5*p**2 - p + 25. Let k(f) = 3*f**3 - 5*f**2 + 2*f - 24. Let z(r) = -3*k(r) - 2*o(r). Determine z(5).
2
Suppose 0 = 5*d + 3*g - 22, -d - d - 12 = -4*g. Let l(a) = -a**3 + 3*a - 69 + 0*a**d + 4*a**2 + 75. What is l(5)?
-4
Let w(k) = -2 + 3 - 4*k**2 + 2*k + 5*k**2. Suppose 76*s = 81*s - q + 5, 5*q = -s - 27. Determine w(s).
1
Let j(n) = n**3 - 4*n**2 - 2*n + 1. Let v be -5*(-2)/5 - 1. Let y be (-2 + v)/(3/(-15)). Calculate j(y).
16
Let g(y) = -y + 1. Let b = -38 + 32. Let a be (1/(-3))/(b/72). Suppose 2*d = -5*p - 16, -2*p - 3 = d + a. Calculate g(d).
4
Let d(w) = 2*w - 7. Let c be d(5). Suppose u = c*u. Let o(l) = u*l**3 + 1 - l**3 + 2*l - 2*l - 6*l**2. Calculate o(-6).
1
Let k(f) = 156 - 304 - 2*f + 142 + 0*f. Determine k(-5).
4
Let g(v) = -9*v + 6. Let p(t) = 47*t - 25. Let l(z) = 11*g(z) + 2*p(z). Determine l(5).
-9
Let k be 39/(-8) + 2/(-16) - -11. Let y(x) = -x**2 - x - 1. Calculate y(k).
-43
Let w(k) = -k + 8. Suppose 5*m + 2*b - 30 = -4, -11 = -2*m - b. Determine w(m).
4
Let u(s) = -s**2 + 4*s - 3. Let c(x) = -2 + 0*x + x - 2*x. Let p be c(3). Let m be (-2)/p + 13/5. Give u(m).
0
Let l(w) be the second derivative of -3*w + 3*w**2 + 5/6*w**3 + 0 + 1/12*w**4. Suppose 3*j + 3 = 0, 0 - 1 = s - 3*j. Calculate l(s).
2
Let h(j) = 4*j**2 - 6*j + 9. Let w(m) = m**2. Let q(d) = h(d) - 5*w(d). What is q(-5)?
14
Let i(o) = -o**2 + 2*o - 1. Let g(x) = 2*x**2 - 5*x + 2. Let k(n) = 3*g(n) + 5*i(n). Determine k(4).
-3
Let j(l) = 13*l**2 - 40*l - 32. Let y(o) = 8*o**2 - 38*o - 31. Let p(v) = 2*j(v) - 3*y(v). Calculate p(-16).
-3
Let d(b) = 51 + 10*b + 34 - b**2 + 44 - 113. Determine d(13).
-23
Let j = 16 + -13. Let h be -2 - ((j - 7) + 2). Let m(r) = r + 2. Calculate m(h).
2
Let w(p) = -2*p + 9. Let t be 2/(-3) - (-437)/57. Suppose 0 = 3*s - 5*u + 46, t*s - u + 33 = 3*s. What is w(s)?
23
Let c(m) = -12*m + 98. Let t(s) = -2*s + 18. Let i(w) = -6*c(w) + 34*t(w). Calculate i(-7).
-4
Let n(p) = 4*p + 10. Let r be (-2)/(-11) + 0 - 2436/(-33). Let u be (-2)/(-5) + r/20*-2. What is n(u)?
-18
Let s(f) be the second derivative of f - 1/2*f**2 - 20 - 4/3*f**3. Let h be 1/3 - 8/6. Determine s(h).
7
Let r(t) = t + 9. Suppose -469*q - 135 = -484*q. Determine r(q).
18
Let l(b) = 2*b + 24*b**2 - 25*b**2 - 8*b - 2*b. Let u(k) = 3*k. Let n(y) = 3*l(y) + 8*u(y). Give n(1).
-3
Let x(s) be the second derivative of s**6/360 - 3*s**5/40 - s**4/8 + 7*s**3/6 - s. Let w(v) be the second derivative of x(v). Calculate w(9).
-3
Let b(w) = -w + 8. Suppose 0 = -n + 5*p - 3 - 1, -n = -3*p + 2. Let x(q) = 6*q**3 + q**2 + 2*q - 2. Let k be x(n). What is b(k)?
1
Let k(o) = 3*o**2 - 14*o - 21. Let r(b) = b**2 - 7*b - 10. Let w(s) = -2*k(s) + 5*r(s). Let z be w(-6). Let t(f) = -1 - 2 + f - 5*f. Calculate t(z).
5
Let z(t) = -t**3 - t. Let b be 2/(-8) + (-27)/(-12). Determine z(b).
-10
Let n(f) = -4*f**2 + 3*f + 2. Suppose 5*b - 4 = b. Let g(p) = -4*p - b + 5 + 7*p - 2 - 3*p**2. Let l(j) = 3*g(j) - 2*n(j). Determine l(4).
-2
Let k be 3/9*(118 - 136). Let a(d) = d**2 + 8*d - 4. Let i(x) = -1. Let g(v) = -a(v) + 6*i(v). What is g(k)?
10
Let y(u) = 3*u - 3. Let s(h) = -h - 11*h - 2*h + 15*h. Let v(p) = 4*s(p) - y(p). What is v(7)?
10
Let